te the greatest common divisor of 6 and k.
2
Suppose 3*g + 2 = 2*a, -14 = -0*g - g - 3*a. Suppose m - 19 = -w, g*w - 4*m - m - 3 = 0. Let x be 20/2 + -2 - 1. What is the greatest common factor of x and w?
7
Suppose 3*s - 7 = -1. Let z = s - -6. What is the greatest common divisor of z and 32?
8
Let u = 31 - 10. Suppose -3*i - 3 = 0, 3*q + i = 62 - u. Let p(x) = x**3 + 6*x**2 + 3. Let c be p(-4). What is the highest common factor of q and c?
7
Let g(z) = 2*z**2 + 1. Let c be g(1). Let w = 27 + c. What is the highest common factor of w and 3?
3
Let t(i) = -3*i - 4. Suppose -f + 4*d + 19 = 0, 2 = -2*f - d - d. Let z be t(f). Let k be -1*(1 + -1 + z). What is the highest common divisor of k and 26?
13
Let k(s) = s**3 + s**2 + 2. Let v = -1 + 4. Let o be k(v). Calculate the greatest common divisor of 19 and o.
19
Let m(n) = -n**2 - 16*n + 19. Let v be m(-17). What is the greatest common divisor of 2 and v?
2
Let s = -8 + 5. Let r(x) = 27*x**2 - 3*x + 4. Let w be r(s). Calculate the highest common divisor of w and 32.
32
Suppose 0 = -3*g - 0*t - 2*t + 214, 3*g - 212 = -t. Let q be 5 + 1 + -5 + 2. Suppose -5*v + 20 = -q*v. Calculate the highest common divisor of v and g.
10
Let f(i) = -4*i**2 - 28*i - 17. Let a be f(-5). Let j(n) = 77*n - 1. Let u be j(3). Calculate the greatest common divisor of u and a.
23
Let p(b) = b**3 + 3*b**2 - 6*b - 6. Suppose -2*o = -0*t - 4*t - 24, t = 3*o - 16. Let s be p(t). Calculate the greatest common factor of 16 and s.
2
Let o = 7 - 10. Let x(s) = -5*s - 4. Let k be x(o). Calculate the highest common divisor of 77 and k.
11
Let s = -134 + 225. Calculate the greatest common divisor of s and 7.
7
Suppose p - 108 = -0*p. Suppose -4*i = -i - 5*j - 22, 2*j = -i. Suppose -36 = h - i*h. What is the highest common divisor of h and p?
12
Suppose v - 30 = -v. Let q = -7 - -22. Calculate the highest common divisor of q and v.
15
Let l(d) = -d**2 - 5*d + 6. Let x be l(-5). Let s = x + 2. What is the greatest common factor of s and 2?
2
Let y(f) = -f**2 + f + 3. Let u be y(0). Let d be 100/15 - (-1)/u. Let l = d - -2. Calculate the greatest common divisor of 45 and l.
9
Suppose 4*l + 45 = l. Let a = -7 - l. Calculate the highest common divisor of a and 40.
8
Let f be 436/28 + 3/7. What is the highest common factor of 24 and f?
8
Let f = -84 - -199. Suppose 2*a - 44 = z + 3, 0 = 2*z + 2. Calculate the greatest common factor of a and f.
23
Let j(s) = -s**3 + 9*s**2 - 5*s - 3. Let n be j(6). Let c be ((-150)/35)/((-1)/(-14)). Let i be 1/1*c/(-4). Calculate the greatest common divisor of n and i.
15
Suppose 0*r = 5*r. Let p = r - -24. What is the highest common factor of p and 8?
8
Let y(d) = -d**3 - d**2 + d - 4. Let q be y(-3). Let f = 45 + 39. Let a be (-2)/(-4) + f/8. Calculate the greatest common divisor of q and a.
11
Let m be (-2 - -1)*(10 + -4). Let v be (8/m)/((-4)/30). Calculate the highest common divisor of v and 70.
10
Let j be (-35)/(-4) - (-3)/12. Let t be (-66)/(-4)*30/j. What is the greatest common factor of t and 11?
11
Let p(d) = -d + 11. Let i be p(8). Suppose -i*r - 11 = -4*r. What is the greatest common factor of r and 77?
11
Let i = -3 - -5. Suppose v + i = 6. Suppose -5*y = z - v - 34, 3*z - 174 = -3*y. What is the greatest common factor of 42 and z?
21
Let y = -57 - -81. Calculate the highest common divisor of 36 and y.
12
Let a be 2/(12/45)*6. Suppose 7*o + a = 2*o. Let s be o/15*(-16 + 1). What is the greatest common divisor of 6 and s?
3
Let x = 47 + -11. Calculate the greatest common divisor of 108 and x.
36
Suppose y - 112 = -5*o, o - 1 = -4*y + 10. Calculate the greatest common divisor of 161 and o.
23
Let o = 8 + -8. Let i = o - -4. What is the greatest common factor of i and 20?
4
Let g(r) = -r**3 + 14*r**2 - 14*r + 7. Let p be g(13). Let s = 0 - p. What is the greatest common factor of s and 9?
3
Suppose -4*j + 23 = -3*j + 5*k, -5*j = -5*k - 25. Calculate the highest common factor of 128 and j.
8
Suppose 0 = -k - 3*m - 4, -k + 12 = -m - 4. Calculate the highest common factor of 22 and k.
11
Suppose o + 2*x = -0*x - 1, -2*x = 4*o - 14. Let s = 9 + o. What is the highest common divisor of s and 56?
14
Suppose 0*v - 100 = -v. Suppose 4*j - v = -j. Calculate the greatest common factor of j and 10.
10
Suppose -2*p + 461 - 81 = -4*m, 5*m = 2*p - 375. Calculate the highest common divisor of p and 40.
40
Let o = -2 - 4. Let j = o + 11. Suppose j*z - 6*z + 11 = 0. What is the highest common divisor of 77 and z?
11
Let l(o) = o. Let y(u) = u**2 + 8*u + 6. Let m(b) = -3*l(b) + y(b). Let p be m(-5). What is the greatest common factor of p and 3?
3
Let s = -190 + 268. Suppose k + 0*k = -5*l + s, -4 = 2*k. What is the greatest common factor of 16 and l?
16
Let p = -51 + 81. What is the greatest common divisor of 10 and p?
10
Suppose -3*s + 24 = 5*m, s - 21 = -s - 5*m. Let p(r) = r**3 + 42*r**2 - 44*r - 40. Let j be p(-43). What is the highest common divisor of j and s?
3
Suppose -2*g + 77 + 51 = 2*c, 0 = g + 3*c - 64. What is the greatest common factor of 8 and g?
8
Let g(i) = i**3 - 4*i**2 + i - 2. Let u be g(4). Let k be 7 + u - (0 + 1). Calculate the highest common factor of k and 72.
8
Let q(y) = y**2 + 7*y - 9. Let p be q(-8). Let o be p*2*1*-1. Let b be 89/1 - (-1 + o). What is the greatest common factor of 11 and b?
11
Suppose 4*o - 10 - 10 = 0. Suppose -w + 86 = 5*z - o*w, -w = -4*z + 60. What is the highest common factor of z and 112?
14
Suppose -4*h - 6 + 0 = -2*l, 2*h = -2. What is the greatest common factor of 8 and l?
1
Let k(m) = -m**3 + 6*m**2 + 7*m + 6. Suppose -t + 21 = 2*t. Let q be k(t). What is the greatest common divisor of q and 9?
3
Let f(m) = 2*m. Let s be f(1). What is the highest common divisor of s and 8?
2
Let k(j) = j**3 + 8*j**2 + 2*j + 3. Let i be k(-7). Let u = i - 8. Let z = 5 + -2. What is the greatest common factor of z and u?
3
Let a(x) = x**2 - 4*x + 3. Let d be a(4). Suppose -2*g = 2*g, 4*v - 88 = d*g. Suppose -3*o - v = -5*o. Calculate the highest common factor of o and 55.
11
Let r(f) = f**2 - 9*f + 11. Let w be (-7)/28 - (-33)/4. Let d be r(w). Suppose 4*t - 18 = t. Calculate the greatest common divisor of t and d.
3
Let o = 25 - -20. Let d be (-4)/(-12) - (85/(-15) + -3). What is the highest common factor of o and d?
9
Let r(d) = d**2 + 4*d. Let b be r(-5). Let i(a) = -4*a + 7 + a + 4*a. Let g be i(b). What is the highest common factor of g and 12?
12
Let f(a) = -4*a - 18. Let m be f(-6). What is the highest common divisor of m and 4?
2
Let v be 4/(-6) + (-3 - (-332)/12). Calculate the highest common factor of 32 and v.
8
Let w be (-2)/(0 - 2)*3. Suppose 17 = w*m - 10. Suppose 185*r = 176*r + 648. What is the highest common divisor of r and m?
9
Suppose -2*h = -9 + 1. Calculate the highest common divisor of 1 and h.
1
Let t = -83 + 119. Calculate the highest common divisor of t and 24.
12
Let r = 114 - 111. What is the highest common divisor of 39 and r?
3
Let x be (26/(-1))/((-4)/6). Let f be x + 4/2 + -1. Suppose -2*s = -5*k - 7*s + 20, -3*k + 4*s = -f. What is the highest common factor of 56 and k?
8
Let v(y) = -2*y**2 + y + 1. Let c be v(0). Let d be (-1 + 7/(-3))*3. Let k be (c + 111)*(-15)/d. Calculate the highest common divisor of 21 and k.
21
Suppose -5*h + 1 = -14. Calculate the greatest common factor of 2 and h.
1
Suppose -4*l + 95 = -4*n + 27, 4*n = -l - 43. Let u be (-1124)/(-10) - n/(-30). Suppose 8*z - u = 4*z. Calculate the highest common factor of 14 and z.
14
Suppose 114 = u + 39. Suppose 5*r = -5 + u. What is the greatest common factor of 7 and r?
7
Let b(a) = -6*a - 22. Let d be b(-17). Calculate the highest common factor of 16 and d.
16
Let h(z) = -z**2 + 9*z - 14. Let x be h(7). Suppose x*t = -2*t + 24. Calculate the greatest common divisor of t and 120.
12
Suppose 8 = -2*g - 0*g. Let n be 19/g*160/(-8). What is the highest common divisor of 19 and n?
19
Let f(c) = c**2 + 3*c + 2. Let t(o) = 5*o + 1. Let m be t(-1). Let h be f(m). What is the greatest common divisor of h and 24?
6
Let o = 6 - 9. Let y be 4/(-8)*(o - 3). Calculate the highest common divisor of 30 and y.
3
Suppose 4*l + 20 = 0, -4*b + 2*l = -30 - 160. Let y = b - 31. Let z = -170 - -296. Calculate the greatest common divisor of z and y.
14
Let j be 6/3 + 0 + 0. Suppose 5*s - k = 4*k 